et d = -32 + b. What are the prime factors of d?
3, 7
Let l(y) = 45*y**2 - 4*y. Let r be l(2). Suppose 83 = 5*f - r. What are the prime factors of f?
3, 17
Suppose 0 = 10*w - 18*w + 464. Suppose -3*o - 288 = -6*o - q, 5*o - 480 = 5*q. Let h = o - w. List the prime factors of h.
2, 19
Let j be 738*(-6)/52 + (-6)/(-39). Let a = j + 123. What are the prime factors of a?
2, 19
Let g(m) = 5*m**2 + 9*m + 10. Suppose -2*s - 3*s = 25. List the prime factors of g(s).
2, 3, 5
Suppose 3*a + v = 81, -5*v = 2*a - 0*v - 67. Let d = 69 - a. What are the prime factors of d?
43
Let l = 436 + 1348. What are the prime factors of l?
2, 223
Suppose 0 = 4*f - 16, -3 = -c - 4*f + 21. Suppose -c*o = -3*o - 435. List the prime factors of o.
3, 29
Let f(x) = -x**2 - 5*x - 2. Let g be f(-4). Suppose -2*q + 312 = g*q. Suppose -4*l + 10 = -q. List the prime factors of l.
2, 11
Let s(m) = m**2 - 6. Let b be s(5). Let p = -17 + b. Suppose -x + p*x - 18 = 0. List the prime factors of x.
2, 3
Suppose -2*r = 4*x - 22, 8*r - 40 = -5*x + 3*r. Let k(j) = -4 - j**2 + j + 4 - 5 - 1 + 2*j**3. List the prime factors of k(x).
2, 3, 7
List the prime factors of (-60)/18*(1 + (-2247)/15).
2, 31
Suppose 224 - 92 = -2*j. Let t be (-2)/(-4)*j/3. List the prime factors of 2*1/(-2)*t.
11
Let v = -11 + 13. Suppose -5*q = v*b - 35, -5*b + 13 + 31 = -2*q. Let k = b + 10. List the prime factors of k.
2, 5
Let x(v) = -v**3 - v**2 + v. Let h(z) = 118*z**3 + 6*z**2 - 7*z + 2. Let g(i) = h(i) + 4*x(i). List the prime factors of g(1).
5, 23
Let o = 48 - 27. What are the prime factors of o/(-6) + 2 - (-213)/2?
3, 5, 7
List the prime factors of 591 + 15 + -4 + -4.
2, 13, 23
Suppose -z - 33 = -89. Suppose -5*m = -2*j - 141 - 151, -m + z = 2*j. What are the prime factors of m?
2, 29
Suppose -3*r - 3*u + 8487 = 0, 4*r = -2*u - 786 + 12098. List the prime factors of r.
11, 257
Let u = 48 + -17. Suppose 2*y + 61 + 12 = -3*v, -y + u = -v. Let z = 46 + v. List the prime factors of z.
19
Let y(m) = 2*m**2 + 2*m + 1. Let u be y(-1). Let i be (-11 + 5)*u/(-2). Suppose -i*s + 4*s = 0, -4*s + 17 = h. What are the prime factors of h?
17
Let t(w) = 3*w**2 + w - 1. Suppose 4*x + 0*c - 64 = c, -46 = -2*x + 4*c. Let z = x - 11. List the prime factors of t(z).
3, 17
Let h(c) = 2*c**3 - c**2 - 3*c + 3. Let t be h(2). Let s = -18 + t. Let b(a) = -4*a - 16. List the prime factors of b(s).
2, 5
Let q = -488 - -841. What are the prime factors of q?
353
Let i = -79 + 82. Suppose -7*k + 388 = -i*k. What are the prime factors of k?
97
Let f(v) be the third derivative of v**6/120 - 7*v**5/60 + 5*v**4/24 - 4*v**3/3 - v**2. What are the prime factors of f(8)?
2, 3
Let x = 1591 - 505. List the prime factors of x.
2, 3, 181
Let d be 5 - (4/(-8))/((-1)/(-2)). Let w(k) = 7 - 1 - 7*k - k**3 + 0 + 9*k**2. List the prime factors of w(d).
2, 3
Let f = 1013 + -465. List the prime factors of f.
2, 137
Let w(r) = 10*r**3 + 14*r**2 + 21*r + 12. Let u(k) = -7*k**3 - 9*k**2 - 14*k - 8. Let q(i) = -7*u(i) - 5*w(i). What are the prime factors of q(-7)?
3, 5
Let h be 67/(3 - (-8)/(-2)). Let a = -46 - h. What are the prime factors of a?
3, 7
Let h = -17 + 17. What are the prime factors of (-195)/2*(h + 4/(-3))?
2, 5, 13
Suppose -798 = 7*f - 2408. List the prime factors of f.
2, 5, 23
Let b = 555 + -44. What are the prime factors of b?
7, 73
Let h = 120 - 206. Let x = h + 132. List the prime factors of x.
2, 23
Let p = 1489 + -809. List the prime factors of p.
2, 5, 17
Let t(n) = -14*n - 26. Let o be t(17). What are the prime factors of (o/(-20))/(3/20)?
2, 11
Let s be (-29)/5*1*-5. Suppose f - 4 = 3*o + s, 0 = -5*f - 4*o + 127. What are the prime factors of f?
3
Suppose 88 = -w + 362. List the prime factors of w.
2, 137
Let g = 901 - 432. What are the prime factors of g?
7, 67
Let m be 2/(-4)*108/(-18). Suppose -67 - 173 = -m*p. List the prime factors of p.
2, 5
Let u(p) = -6*p**3 + 3*p**2 - 6*p - 3. Let s(o) = o**3 + o + 1. Let c(t) = -4*s(t) - u(t). Let b be c(1). Let z(m) = -m + 53. List the prime factors of z(b).
53
Let g be 17 - 1/(-2)*6. Suppose 8*r - 3*r = g. Suppose r*z + 9 - 25 = 0. List the prime factors of z.
2
Let j(x) be the second derivative of -4*x - 2*x**2 + 0 + 1/6*x**3. What are the prime factors of j(10)?
2, 3
What are the prime factors of (-4)/(-22) + (-6 - (-35008)/88)?
2, 7
Suppose 3*r - 58 = -3*g - 19, 2*g - 5*r = 5. List the prime factors of (-228)/(-1)*g/15.
2, 19
Suppose -723*w = -726*w + 4806. What are the prime factors of w?
2, 3, 89
Let c be (5/(-5) + 1)/3. Suppose c = 15*n - 796 + 226. List the prime factors of n.
2, 19
Let y(n) = 7*n - 50. Let k be y(8). Suppose 1278 = k*b + 6. List the prime factors of b.
2, 53
Suppose 5*q = -4*x - 228 - 433, -q + 819 = -5*x. Let z = -84 - x. What are the prime factors of z?
2, 5
Let r(b) = -b**2 - 33*b + 58. What are the prime factors of r(-28)?
2, 3, 11
Suppose 29*j = 28*j - 4*u + 1046, 0 = -5*j - 3*u + 5315. What are the prime factors of j?
2, 13, 41
What are the prime factors of (-1249010)/(-686) + (-2)/(-7)?
3, 607
Let i(z) = z**3 - 8*z**2 + 6*z - 8. Let y(j) = j**3 + 6*j**2 + 7*j + 6. Let h be y(-4). Let o be h/(-45) - (-222)/27. What are the prime factors of i(o)?
2, 5
Let n(q) = 16 + 7 - 2*q + q. Let d be n(0). Suppose -2*j + d = -13. List the prime factors of j.
2, 3
Let l = -1 + 73. Suppose 8*h - l = 4*h. What are the prime factors of h?
2, 3
Let j be (1 - -4 - 2) + 60. Suppose 5*a + 38 = f, 0 = -2*f + 4*a + j + 7. List the prime factors of f.
3, 11
Let w be -5*(-31)/5*1. Let n = 1 - -1. Suppose -n*l = -3 - w. List the prime factors of l.
17
What are the prime factors of (-13 + 0 + -4)/(-1)?
17
Let q(s) = s**3 - 11*s**2 - 13*s + 14. Suppose 4*t - 45 - 3 = 0. Let p be q(t). Let y = 4 + p. What are the prime factors of y?
2, 3
Let k = -10 + 12. Suppose 0 = -2*t - k*o - 16, -5*t - 4*o = 35 + 1. What are the prime factors of ((-2)/t)/((-2)/(-132))?
3, 11
Suppose 66*g + 44*g - 205040 = 0. List the prime factors of g.
2, 233
Let r(y) = y**2 + 2*y + 1. Let d be r(-3). Let p be ((d - 1) + -2)*0. Suppose p = -3*f + 56 - 5. List the prime factors of f.
17
Let j be 12/(-3 + 7) + -1. Suppose 3*k - 83 = -j*m, k - 4*m - m - 5 = 0. List the prime factors of k.
5
Suppose 0 = -3*o + 359 + 190. Let r = o + -91. List the prime factors of r.
2, 23
Suppose -4*f = -5*d + 258, -2*f - d = 61 + 61. Let x = f - -211. List the prime factors of x/5 - 4/(-20).
2, 3, 5
List the prime factors of 12/(-96) + 1538/16.
2, 3
Suppose 0 = -2*k - 2*r - 121 + 969, -r = -k + 420. What are the prime factors of k?
2, 211
Let w(d) be the third derivative of d**5/20 - 5*d**4/24 - d**3 + 2*d**2 + 43. Let b(y) = -3*y**2. Let q be b(-1). What are the prime factors of w(q)?
2, 3
Let k be 5*1*((-96)/(-20) + -4). Suppose -k*j = -13*j + 2133. List the prime factors of j.
3, 79
Let k be 11 - 4/(-6 + 2). Suppose -x + k = -65. What are the prime factors of x?
7, 11
Let z(x) = 9*x**2 - 12*x - 98. List the prime factors of z(-7).
7, 61
What are the prime factors of (-20961)/(-36) - (-3)/4?
11, 53
Suppose -5*b + 50 = -10. Let i = b + 44. What are the prime factors of i?
2, 7
Suppose -a + 4*r = -2763, -3*a + 7*a = 3*r + 11000. What are the prime factors of a?
41, 67
Let z = 2 + -4. Let a be (3/z)/(21/(-252)). Let y = a + 2. List the prime factors of y.
2, 5
List the prime factors of ((-96)/80)/((-197890)/39575 - -5).
2, 1583
Let o = 14 - 9. Suppose u - a - 7 = 0, 2*a - 7 = -o*u - 0. Suppose 2*i + u*l - 67 = -0*i, 0 = l + 5. List the prime factors of i.
41
Suppose 45 = -5*w + 185. What are the prime factors of (w/(-1))/((-22)/33)?
2, 3, 7
Suppose 5*p = 3*u + 115, u + u = -5*p + 115. Suppose -4*s + 1 = -p. What are the prime factors of 126/3 + (8 - s)?
2, 11
Let i be ((-87)/58)/(1/(-2)). Suppose 0 = -2*l + 4*l. What are the prime factors of i - (l + (-1 - 0))?
2
Suppose -3*k = 4*g - 1467, 358 = -2*k - 5*g + 1343. List the prime factors of k.
5, 97
Suppose -2*i + 3*y = y - 12, -4*i = 5*y + 3. Suppose 234 = -c + i*c. What are the prime factors of c?
3, 13
Suppose -266 - 536 = -5*g - q, 3*q = g - 170. What are the prime factors of g?
7, 23
Let h(r) = 2030*r**3 + 3*r**2 + 32*r - 34. List the prime factors of h(1).
3, 677
Let m = 659 + -430. List the prime factors of m.
229
Suppose -36*a = -62*a + 962. List the prime factors of a.
37
